{"id":2437,"date":"2023-08-18T10:41:42","date_gmt":"2023-08-18T13:41:42","guid":{"rendered":"https:\/\/eleicoes2023.caubr.gov.br\/?page_id=2437"},"modified":"2023-08-21T09:48:55","modified_gmt":"2023-08-21T12:48:55","slug":"chapas-registradas","status":"publish","type":"page","link":"https:\/\/eleicoes2023.caurn.gov.br\/?page_id=2437","title":{"rendered":"Chapas registradas"},"content":{"rendered":"<p>CONFORME O REGULAMENTO ELEITORAL, EM 21 DE AGOSTO DE 2023 HAVER\u00c1 A PUBLICA\u00c7\u00c3O DOS PEDIDOS DE REGISTRO DE CANDIDATURA E DA NUMERA\u00c7\u00c3O<\/p>\n<p><a href=\"http:\/\/eleicoes2023.caurn.gov.br\/wp-content\/uploads\/sites\/73\/2023\/08\/\u2611\ufe0f-8-DIVULGACAO-CHAPA-21.08.2023-assinado-com-anexo.pdf\" target=\"_blank\" rel=\"noopener\">\u2611\ufe0f DIVULGA\u00c7\u00c3O CHAPA &#8211; em 21.08.2023<\/a><\/p>\n<p>&nbsp;<\/p>\n<p>&nbsp;<\/p>\n","protected":false},"excerpt":{"rendered":"<p>CONFORME O REGULAMENTO ELEITORAL, EM 21 DE AGOSTO DE 2023 HAVER\u00c1 A PUBLICA\u00c7\u00c3O DOS PEDIDOS DE REGISTRO DE CANDIDATURA E DA NUMERA\u00c7\u00c3O \u2611\ufe0f DIVULGA\u00c7\u00c3O CHAPA &#8211; em 21.08.2023 &nbsp; &nbsp;<\/p>\n","protected":false},"author":37,"featured_media":0,"parent":0,"menu_order":0,"comment_status":"closed","ping_status":"closed","template":"","meta":[],"acf":[],"_links":{"self":[{"href":"https:\/\/eleicoes2023.caurn.gov.br\/index.php?rest_route=\/wp\/v2\/pages\/2437"}],"collection":[{"href":"https:\/\/eleicoes2023.caurn.gov.br\/index.php?rest_route=\/wp\/v2\/pages"}],"about":[{"href":"https:\/\/eleicoes2023.caurn.gov.br\/index.php?rest_route=\/wp\/v2\/types\/page"}],"author":[{"embeddable":true,"href":"https:\/\/eleicoes2023.caurn.gov.br\/index.php?rest_route=\/wp\/v2\/users\/37"}],"replies":[{"embeddable":true,"href":"https:\/\/eleicoes2023.caurn.gov.br\/index.php?rest_route=%2Fwp%2Fv2%2Fcomments&post=2437"}],"version-history":[{"count":3,"href":"https:\/\/eleicoes2023.caurn.gov.br\/index.php?rest_route=\/wp\/v2\/pages\/2437\/revisions"}],"predecessor-version":[{"id":2448,"href":"https:\/\/eleicoes2023.caurn.gov.br\/index.php?rest_route=\/wp\/v2\/pages\/2437\/revisions\/2448"}],"wp:attachment":[{"href":"https:\/\/eleicoes2023.caurn.gov.br\/index.php?rest_route=%2Fwp%2Fv2%2Fmedia&parent=2437"}],"curies":[{"name":"wp","href":"https:\/\/api.w.org\/{rel}","templated":true}]}}

<p>CONFORME O REGULAMENTO ELEITORAL, EM 21 DE AGOSTO DE 2023 HAVERÁ A PUBLICAÇÃO DOS PEDIDOS DE REGISTRO DE CANDIDATURA E DA NUMERAÇÃO</p>
<p><a href="http://eleicoes2023.caurn.gov.br/wp-content/uploads/sites/73/2023/08/☑️-8-DIVULGACAO-CHAPA-21.08.2023-assinado-com-anexo.pdf" target="_blank" rel="noopener">☑️ DIVULGAÇÃO CHAPA &#8211; em 21.08.2023</a></p>
<p>&nbsp;</p>
<p>&nbsp;</p>

<p>CONFORME O REGULAMENTO ELEITORAL, EM 21 DE AGOSTO DE 2023 HAVERÁ A PUBLICAÇÃO DOS PEDIDOS DE REGISTRO DE CANDIDATURA E DA NUMERAÇÃO ☑️ DIVULGAÇÃO CHAPA &#8211; em 21.08.2023 &nbsp; &nbsp;</p>
